{"id":904,"date":"2025-11-21T19:41:16","date_gmt":"2025-11-21T18:41:16","guid":{"rendered":"https:\/\/editionslescrocos.com\/?page_id=904"},"modified":"2025-11-21T23:17:25","modified_gmt":"2025-11-21T22:17:25","slug":"tes-ou-leo","status":"publish","type":"page","link":"https:\/\/editionslescrocos.com\/?page_id=904","title":{"rendered":"T&rsquo;es ou L\u00e9o"},"content":{"rendered":"\n<div class=\"wp-block-group is-content-justification-center is-layout-flex wp-container-core-group-is-layout-5930249a wp-block-group-is-layout-flex\" style=\"border-style:none;border-width:0px;min-height:0px;margin-top:0;margin-bottom:0;padding-top:0;padding-bottom:0\">\n<div class=\"wp-block-group is-vertical is-content-justification-center is-nowrap is-layout-flex wp-container-core-group-is-layout-64d34825 wp-block-group-is-layout-flex\" style=\"border-style:none;border-width:0px;min-height:0px;padding-top:0;padding-right:0;padding-bottom:0;padding-left:0\">\n<figure class=\"wp-block-image size-full is-resized wp-container-content-9cfa9a5a\" style=\"margin-right:var(--wp--preset--spacing--80);margin-left:var(--wp--preset--spacing--80)\"><img loading=\"lazy\" decoding=\"async\" width=\"512\" height=\"512\" src=\"https:\/\/editionslescrocos.com\/wp-content\/uploads\/2025\/11\/Catalogue_TesOuLeo_HD-1.png\" alt=\"\" class=\"wp-image-542\" style=\"object-fit:cover;width:451px;height:auto\" srcset=\"https:\/\/editionslescrocos.com\/wp-content\/uploads\/2025\/11\/Catalogue_TesOuLeo_HD-1.png 512w, https:\/\/editionslescrocos.com\/wp-content\/uploads\/2025\/11\/Catalogue_TesOuLeo_HD-1-300x300.png 300w, https:\/\/editionslescrocos.com\/wp-content\/uploads\/2025\/11\/Catalogue_TesOuLeo_HD-1-150x150.png 150w\" sizes=\"auto, (max-width: 512px) 100vw, 512px\" \/><\/figure>\n\n\n\n<div class=\"wp-block-buttons is-horizontal is-content-justification-center is-nowrap is-layout-flex wp-container-core-buttons-is-layout-d0f5c1d8 wp-block-buttons-is-layout-flex\">\n<div class=\"wp-block-button open-popup-leo\"><a class=\"wp-block-button__link has-text-align-center wp-element-button\" style=\"padding-right:var(--wp--preset--spacing--80);padding-left:var(--wp--preset--spacing--80)\">Feuilleter<\/a><\/div>\n<\/div>\n<\/div>\n\n\n\n<div class=\"wp-block-group wp-container-content-15a05072 is-vertical is-layout-flex wp-container-core-group-is-layout-9a7dd796 wp-block-group-is-layout-flex\" style=\"border-style:none;border-width:0px;min-height:0px;padding-top:0;padding-right:var(--wp--preset--spacing--80);padding-bottom:0;padding-left:var(--wp--preset--spacing--80)\">\n<h1 class=\"wp-block-heading has-text-align-left has-large-font-size\">T&rsquo;es o\u00f9 L\u00e9o ?<\/h1>\n\n\n\n<p class=\"has-text-align-left has-medium-font-size\">Tu veux \u00eatre incollable sur l&rsquo;histoire de Lyon ? L\u00e9o et ses trois amis te proposent une partie de cache-cache dans la ville en remontant le temps.<br><\/p>\n\n\n\n<ul class=\"wp-block-list has-medium-font-size\">\n<li class=\"has-small-font-size\">Auteurs : Alexandra Horvath et St\u00e9phane Perraud<\/li>\n\n\n\n<li class=\"has-small-font-size\">Dessinatrice : Marianne Tesseraud<\/li>\n\n\n\n<li class=\"has-small-font-size\">32 pages<\/li>\n\n\n\n<li class=\"has-small-font-size\">Age : 5-10 ans<\/li>\n\n\n\n<li class=\"has-small-font-size\">Couverture cartonn\u00e9e<\/li>\n\n\n\n<li class=\"has-small-font-size\">Format : 24,5 cm x 30,5 cm<\/li>\n\n\n\n<li class=\"has-small-font-size\">ISBN : 978-2-9576966-5-9<\/li>\n\n\n\n<li class=\"has-small-font-size\">Date de parution : avril 2025<\/li>\n<\/ul>\n<\/div>\n<\/div>\n\n\n\n<div aria-hidden=\"true\" data-open-type=\"on click\" data-open-selector=\".open-popup-leo\" data-opening-time=\"0s\" data-waiting-after-closing=\"-1s\" data-show-again-in=\"0\" id=\"0i68s5jdct\" class=\"wp-block-makeiteasy-popup open-on-click popup-floating popup-modal makeiteasy-popup-outermost\"><div class=\"makeiteasy-popup-overlay\" tabindex=\"-1\" data-micromodal-close-0i68s5jdct=\"true\"><div role=\"dialog\" aria-modal=\"true\" class=\"has-above-close makeiteasy-popup-wrapper\" style=\"min-height:0px;width:1000px\"><div class=\"makeiteasy-popup-content-wrapper is-layout-constrained wp-block-makeiteasy-popup-is-layout-constrained\">\n<p>Extraits du livre &#8211; T&rsquo;es o\u00f9 L\u00e9o ?                 <\/p>\n\n\n<style>.kb-gallery-id-904_06d764-3a .kadence-blocks-gallery-item .kb-gal-image-radius, .kb-gallery-id-904_06d764-3a .kb-slide-item .kb-gal-image-radius img{border-radius:0px 0px 0px 0px;;}.kb-gallery-wrap-id-904_06d764-3a.wp-block-kadence-advancedgallery{overflow:visible;}.kb-gallery-wrap-id-904_06d764-3a.wp-block-kadence-advancedgallery .kt-blocks-carousel{overflow:visible;}<\/style><div class=\"kb-gallery-wrap-id-904_06d764-3a alignnone wp-block-kadence-advancedgallery\"><div class=\"kb-gallery-ul kb-gallery-non-static kb-gallery-type-slider kb-gallery-id-904_06d764-3a kb-gallery-caption-style-bottom-hover kb-gallery-filter-none\" data-image-filter=\"none\" data-lightbox-caption=\"true\"><div class=\"kt-blocks-carousel kt-carousel-container-dotstyle-dark\"><div class=\"kt-blocks-carousel-init kb-blocks-slider kt-carousel-arrowstyle-whiteondark kt-carousel-dotstyle-dark kb-slider-group-arrow kb-slider-arrow-position-center\" data-slider-anim-speed=\"750\" data-slider-scroll=\"1\" data-slider-arrows=\"true\" data-slider-fade=\"true\" data-slider-dots=\"true\"data-slider-type=\"slider\"  data-slider-hover-pause=\"false\" data-slider-auto=\"\" data-slider-speed=\"7000\" data-show-pause-button=\"false\"><li class=\"kb-slide-item kb-gallery-slide-item\"><div class=\"kadence-blocks-gallery-item\"><div class=\"kadence-blocks-gallery-item-inner\"><figure class=\"kb-gallery-figure kadence-blocks-gallery-item-hide-caption\"><div class=\"kb-gal-image-radius\"><div class=\"kb-gallery-image-contain kadence-blocks-gallery-intrinsic kb-gallery-image-ratio-inherit kb-has-image-ratio-inherit\" ><img loading=\"lazy\" decoding=\"async\" src=\"https:\/\/editionslescrocos.com\/wp-content\/uploads\/2025\/11\/opera.jpg\" width=\"1000\" height=\"625\" alt=\"\" data-full-image=\"https:\/\/editionslescrocos.com\/wp-content\/uploads\/2025\/11\/opera.jpg\" data-light-image=\"https:\/\/editionslescrocos.com\/wp-content\/uploads\/2025\/11\/opera.jpg\" data-id=\"624\" class=\"wp-image-624 skip-lazy\" srcset=\"https:\/\/editionslescrocos.com\/wp-content\/uploads\/2025\/11\/opera.jpg 1000w, https:\/\/editionslescrocos.com\/wp-content\/uploads\/2025\/11\/opera-300x188.jpg 300w, https:\/\/editionslescrocos.com\/wp-content\/uploads\/2025\/11\/opera-768x480.jpg 768w\" sizes=\"auto, (max-width: 1000px) 100vw, 1000px\" \/><\/div><\/div><\/figure><\/div><\/div><\/li><li class=\"kb-slide-item kb-gallery-slide-item\"><div class=\"kadence-blocks-gallery-item\"><div class=\"kadence-blocks-gallery-item-inner\"><figure class=\"kb-gallery-figure kadence-blocks-gallery-item-hide-caption\"><div class=\"kb-gal-image-radius\"><div class=\"kb-gallery-image-contain kadence-blocks-gallery-intrinsic kb-gallery-image-ratio-inherit kb-has-image-ratio-inherit\" ><img loading=\"lazy\" decoding=\"async\" src=\"https:\/\/editionslescrocos.com\/wp-content\/uploads\/2025\/11\/canuts.jpg\" width=\"1000\" height=\"625\" alt=\"\" data-full-image=\"https:\/\/editionslescrocos.com\/wp-content\/uploads\/2025\/11\/canuts.jpg\" data-light-image=\"https:\/\/editionslescrocos.com\/wp-content\/uploads\/2025\/11\/canuts.jpg\" data-id=\"626\" class=\"wp-image-626 skip-lazy\" srcset=\"https:\/\/editionslescrocos.com\/wp-content\/uploads\/2025\/11\/canuts.jpg 1000w, https:\/\/editionslescrocos.com\/wp-content\/uploads\/2025\/11\/canuts-300x188.jpg 300w, https:\/\/editionslescrocos.com\/wp-content\/uploads\/2025\/11\/canuts-768x480.jpg 768w\" sizes=\"auto, (max-width: 1000px) 100vw, 1000px\" \/><\/div><\/div><\/figure><\/div><\/div><\/li><li class=\"kb-slide-item kb-gallery-slide-item\"><div class=\"kadence-blocks-gallery-item\"><div class=\"kadence-blocks-gallery-item-inner\"><figure class=\"kb-gallery-figure kadence-blocks-gallery-item-hide-caption\"><div class=\"kb-gal-image-radius\"><div class=\"kb-gallery-image-contain kadence-blocks-gallery-intrinsic kb-gallery-image-ratio-inherit kb-has-image-ratio-inherit\" ><img loading=\"lazy\" decoding=\"async\" src=\"https:\/\/editionslescrocos.com\/wp-content\/uploads\/2025\/11\/terreaux.jpg\" width=\"1000\" height=\"625\" alt=\"\" data-full-image=\"https:\/\/editionslescrocos.com\/wp-content\/uploads\/2025\/11\/terreaux.jpg\" data-light-image=\"https:\/\/editionslescrocos.com\/wp-content\/uploads\/2025\/11\/terreaux.jpg\" data-id=\"623\" class=\"wp-image-623 skip-lazy\" srcset=\"https:\/\/editionslescrocos.com\/wp-content\/uploads\/2025\/11\/terreaux.jpg 1000w, https:\/\/editionslescrocos.com\/wp-content\/uploads\/2025\/11\/terreaux-300x188.jpg 300w, https:\/\/editionslescrocos.com\/wp-content\/uploads\/2025\/11\/terreaux-768x480.jpg 768w\" sizes=\"auto, (max-width: 1000px) 100vw, 1000px\" \/><\/div><\/div><\/figure><\/div><\/div><\/li><li class=\"kb-slide-item kb-gallery-slide-item\"><div class=\"kadence-blocks-gallery-item\"><div class=\"kadence-blocks-gallery-item-inner\"><figure class=\"kb-gallery-figure kadence-blocks-gallery-item-hide-caption\"><div class=\"kb-gal-image-radius\"><div class=\"kb-gallery-image-contain kadence-blocks-gallery-intrinsic kb-gallery-image-ratio-inherit kb-has-image-ratio-inherit\" ><img loading=\"lazy\" decoding=\"async\" src=\"https:\/\/editionslescrocos.com\/wp-content\/uploads\/2025\/11\/mammouths.jpg\" width=\"1000\" height=\"625\" alt=\"\" data-full-image=\"https:\/\/editionslescrocos.com\/wp-content\/uploads\/2025\/11\/mammouths.jpg\" data-light-image=\"https:\/\/editionslescrocos.com\/wp-content\/uploads\/2025\/11\/mammouths.jpg\" data-id=\"625\" class=\"wp-image-625 skip-lazy\" srcset=\"https:\/\/editionslescrocos.com\/wp-content\/uploads\/2025\/11\/mammouths.jpg 1000w, https:\/\/editionslescrocos.com\/wp-content\/uploads\/2025\/11\/mammouths-300x188.jpg 300w, https:\/\/editionslescrocos.com\/wp-content\/uploads\/2025\/11\/mammouths-768x480.jpg 768w\" sizes=\"auto, (max-width: 1000px) 100vw, 1000px\" \/><\/div><\/div><\/figure><\/div><\/div><\/li><\/div><\/div><\/div><\/div><\/div><button aria-label=\"Close modal\" class=\"makeiteasy-popup-close\" data-micromodal-close-0i68s5jdct=\"true\"><svg xmlns=\"http:\/\/www.w3.org\/2000\/svg\" width=\"24\" height=\"24\" fill=\"none\"><path d=\"M19.546 17.954a1.127 1.127 0 0 1-1.594 1.594L12 13.594l-5.954 5.952a1.127 1.127 0 0 1-1.594-1.594L10.406 12 4.454 6.046a1.127 1.127 0 0 1 1.594-1.594L12 10.406l5.954-5.955a1.127 1.127 0 0 1 1.594 1.594L13.594 12z\"><\/path><\/svg><\/button><\/div><\/div><\/div>\n","protected":false},"excerpt":{"rendered":"<p>T&rsquo;es o\u00f9 L\u00e9o ? Tu veux \u00eatre incollable sur l&rsquo;histoire de Lyon ? L\u00e9o et ses trois amis te proposent une partie de cache-cache dans la ville en remontant le temps.<\/p>\n","protected":false},"author":1,"featured_media":0,"parent":0,"menu_order":0,"comment_status":"closed","ping_status":"closed","template":"","meta":{"_kadence_starter_templates_imported_post":false,"_kad_post_transparent":"","_kad_post_title":"","_kad_post_layout":"","_kad_post_sidebar_id":"","_kad_post_content_style":"","_kad_post_vertical_padding":"","_kad_post_feature":"","_kad_post_feature_position":"","_kad_post_header":false,"_kad_post_footer":false,"_kad_post_classname":"","footnotes":""},"class_list":["post-904","page","type-page","status-publish","hentry"],"_links":{"self":[{"href":"https:\/\/editionslescrocos.com\/index.php?rest_route=\/wp\/v2\/pages\/904","targetHints":{"allow":["GET"]}}],"collection":[{"href":"https:\/\/editionslescrocos.com\/index.php?rest_route=\/wp\/v2\/pages"}],"about":[{"href":"https:\/\/editionslescrocos.com\/index.php?rest_route=\/wp\/v2\/types\/page"}],"author":[{"embeddable":true,"href":"https:\/\/editionslescrocos.com\/index.php?rest_route=\/wp\/v2\/users\/1"}],"replies":[{"embeddable":true,"href":"https:\/\/editionslescrocos.com\/index.php?rest_route=%2Fwp%2Fv2%2Fcomments&post=904"}],"version-history":[{"count":47,"href":"https:\/\/editionslescrocos.com\/index.php?rest_route=\/wp\/v2\/pages\/904\/revisions"}],"predecessor-version":[{"id":965,"href":"https:\/\/editionslescrocos.com\/index.php?rest_route=\/wp\/v2\/pages\/904\/revisions\/965"}],"wp:attachment":[{"href":"https:\/\/editionslescrocos.com\/index.php?rest_route=%2Fwp%2Fv2%2Fmedia&parent=904"}],"curies":[{"name":"wp","href":"https:\/\/api.w.org\/{rel}","templated":true}]}}